{"id":3611,"date":"2016-12-06T11:13:29","date_gmt":"2016-12-06T10:13:29","guid":{"rendered":"https:\/\/www.in-parquet.com\/blog\/?page_id=3611"},"modified":"2016-12-06T16:53:59","modified_gmt":"2016-12-06T15:53:59","slug":"actualites-salle-de-bains","status":"publish","type":"page","link":"https:\/\/www.in-parquet.com\/blog\/actualites-salle-de-bains\/","title":{"rendered":"Salle de bains"},"content":{"rendered":"<h1>Actualit\u00e9s salle de bains pour un meilleur choix et am\u00e9nagement<\/h1>\n<p>Nous vous pr\u00e9sentons les diff\u00e9rentes actualit\u00e9s salle de bains afin de vous aider \u00e0 choisir, am\u00e9nager et entretenir votre salle de bains. Nous vous proposons aussi\u00a0des conseils et des id\u00e9es pour la\u00a0d\u00e9coration de votre salle de bain.<\/p>\n","protected":false},"excerpt":{"rendered":"<p>Actualit\u00e9s salle de bains pour un meilleur choix et am\u00e9nagement Nous vous pr\u00e9sentons les diff\u00e9rentes actualit\u00e9s salle de bains afin de vous aider \u00e0 choisir, am\u00e9nager et entretenir votre salle de bains. Nous vous proposons aussi\u00a0des conseils et des id\u00e9es pour la\u00a0d\u00e9coration de votre salle de bain.<\/p>\n","protected":false},"author":1,"featured_media":0,"parent":0,"menu_order":0,"comment_status":"closed","ping_status":"closed","template":"","meta":{"footnotes":""},"class_list":["post-3611","page","type-page","status-publish","hentry"],"yoast_head":"<!-- This site is optimized with the Yoast SEO plugin v23.3 - https:\/\/yoast.com\/wordpress\/plugins\/seo\/ -->\n<title>Actualit\u00e9s salle de bains, tendances et conseils pratiques<\/title>\n<meta name=\"description\" content=\"Actualit\u00e9s salle de bains, nouveaux produits et meubles, In-parquet vous pr\u00e9sente son aide pour bien choisir et am\u00e9nager votre salle de bain.\" \/>\n<meta name=\"robots\" content=\"index, follow, max-snippet:-1, max-image-preview:large, max-video-preview:-1\" \/>\n<link rel=\"canonical\" href=\"https:\/\/www.in-parquet.com\/blog\/actualites-salle-de-bains\/\" \/>\n<meta property=\"og:locale\" content=\"fr_FR\" \/>\n<meta property=\"og:type\" content=\"article\" \/>\n<meta property=\"og:title\" content=\"Actualit\u00e9s salle de bains, tendances et conseils pratiques\" \/>\n<meta property=\"og:description\" content=\"Actualit\u00e9s salle de bains, nouveaux produits et meubles, In-parquet vous pr\u00e9sente son aide pour bien choisir et am\u00e9nager votre salle de bain.\" \/>\n<meta property=\"og:url\" content=\"https:\/\/www.in-parquet.com\/blog\/actualites-salle-de-bains\/\" \/>\n<meta property=\"og:site_name\" content=\"In-parquet\" \/>\n<meta property=\"article:modified_time\" content=\"2016-12-06T15:53:59+00:00\" \/>\n<meta name=\"twitter:card\" content=\"summary_large_image\" \/>\n<script type=\"application\/ld+json\" class=\"yoast-schema-graph\">{\"@context\":\"https:\/\/schema.org\",\"@graph\":[{\"@type\":\"WebPage\",\"@id\":\"https:\/\/www.in-parquet.com\/blog\/actualites-salle-de-bains\/\",\"url\":\"https:\/\/www.in-parquet.com\/blog\/actualites-salle-de-bains\/\",\"name\":\"Actualit\u00e9s salle de bains, tendances et conseils pratiques\",\"isPartOf\":{\"@id\":\"https:\/\/www.in-parquet.com\/blog\/#website\"},\"datePublished\":\"2016-12-06T10:13:29+00:00\",\"dateModified\":\"2016-12-06T15:53:59+00:00\",\"description\":\"Actualit\u00e9s salle de bains, nouveaux produits et meubles, In-parquet vous pr\u00e9sente son aide pour bien choisir et am\u00e9nager votre salle de bain.\",\"breadcrumb\":{\"@id\":\"https:\/\/www.in-parquet.com\/blog\/actualites-salle-de-bains\/#breadcrumb\"},\"inLanguage\":\"fr-FR\",\"potentialAction\":[{\"@type\":\"ReadAction\",\"target\":[\"https:\/\/www.in-parquet.com\/blog\/actualites-salle-de-bains\/\"]}]},{\"@type\":\"BreadcrumbList\",\"@id\":\"https:\/\/www.in-parquet.com\/blog\/actualites-salle-de-bains\/#breadcrumb\",\"itemListElement\":[{\"@type\":\"ListItem\",\"position\":1,\"name\":\"Accueil\",\"item\":\"https:\/\/www.in-parquet.com\/blog\/\"},{\"@type\":\"ListItem\",\"position\":2,\"name\":\"Salle de bains\"}]},{\"@type\":\"WebSite\",\"@id\":\"https:\/\/www.in-parquet.com\/blog\/#website\",\"url\":\"https:\/\/www.in-parquet.com\/blog\/\",\"name\":\"In-parquet\",\"description\":\"Sp\u00e9cialiste de la vente en ligne de parquet en France\",\"potentialAction\":[{\"@type\":\"SearchAction\",\"target\":{\"@type\":\"EntryPoint\",\"urlTemplate\":\"https:\/\/www.in-parquet.com\/blog\/?s={search_term_string}\"},\"query-input\":\"required name=search_term_string\"}],\"inLanguage\":\"fr-FR\"}]}<\/script>\n<!-- \/ Yoast SEO plugin. -->","yoast_head_json":{"title":"Actualit\u00e9s salle de bains, tendances et conseils pratiques","description":"Actualit\u00e9s salle de bains, nouveaux produits et meubles, In-parquet vous pr\u00e9sente son aide pour bien choisir et am\u00e9nager votre salle de bain.","robots":{"index":"index","follow":"follow","max-snippet":"max-snippet:-1","max-image-preview":"max-image-preview:large","max-video-preview":"max-video-preview:-1"},"canonical":"https:\/\/www.in-parquet.com\/blog\/actualites-salle-de-bains\/","og_locale":"fr_FR","og_type":"article","og_title":"Actualit\u00e9s salle de bains, tendances et conseils pratiques","og_description":"Actualit\u00e9s salle de bains, nouveaux produits et meubles, In-parquet vous pr\u00e9sente son aide pour bien choisir et am\u00e9nager votre salle de bain.","og_url":"https:\/\/www.in-parquet.com\/blog\/actualites-salle-de-bains\/","og_site_name":"In-parquet","article_modified_time":"2016-12-06T15:53:59+00:00","twitter_card":"summary_large_image","schema":{"@context":"https:\/\/schema.org","@graph":[{"@type":"WebPage","@id":"https:\/\/www.in-parquet.com\/blog\/actualites-salle-de-bains\/","url":"https:\/\/www.in-parquet.com\/blog\/actualites-salle-de-bains\/","name":"Actualit\u00e9s salle de bains, tendances et conseils pratiques","isPartOf":{"@id":"https:\/\/www.in-parquet.com\/blog\/#website"},"datePublished":"2016-12-06T10:13:29+00:00","dateModified":"2016-12-06T15:53:59+00:00","description":"Actualit\u00e9s salle de bains, nouveaux produits et meubles, In-parquet vous pr\u00e9sente son aide pour bien choisir et am\u00e9nager votre salle de bain.","breadcrumb":{"@id":"https:\/\/www.in-parquet.com\/blog\/actualites-salle-de-bains\/#breadcrumb"},"inLanguage":"fr-FR","potentialAction":[{"@type":"ReadAction","target":["https:\/\/www.in-parquet.com\/blog\/actualites-salle-de-bains\/"]}]},{"@type":"BreadcrumbList","@id":"https:\/\/www.in-parquet.com\/blog\/actualites-salle-de-bains\/#breadcrumb","itemListElement":[{"@type":"ListItem","position":1,"name":"Accueil","item":"https:\/\/www.in-parquet.com\/blog\/"},{"@type":"ListItem","position":2,"name":"Salle de bains"}]},{"@type":"WebSite","@id":"https:\/\/www.in-parquet.com\/blog\/#website","url":"https:\/\/www.in-parquet.com\/blog\/","name":"In-parquet","description":"Sp\u00e9cialiste de la vente en ligne de parquet en France","potentialAction":[{"@type":"SearchAction","target":{"@type":"EntryPoint","urlTemplate":"https:\/\/www.in-parquet.com\/blog\/?s={search_term_string}"},"query-input":"required name=search_term_string"}],"inLanguage":"fr-FR"}]}},"_links":{"self":[{"href":"https:\/\/www.in-parquet.com\/blog\/wp-json\/wp\/v2\/pages\/3611"}],"collection":[{"href":"https:\/\/www.in-parquet.com\/blog\/wp-json\/wp\/v2\/pages"}],"about":[{"href":"https:\/\/www.in-parquet.com\/blog\/wp-json\/wp\/v2\/types\/page"}],"author":[{"embeddable":true,"href":"https:\/\/www.in-parquet.com\/blog\/wp-json\/wp\/v2\/users\/1"}],"replies":[{"embeddable":true,"href":"https:\/\/www.in-parquet.com\/blog\/wp-json\/wp\/v2\/comments?post=3611"}],"version-history":[{"count":3,"href":"https:\/\/www.in-parquet.com\/blog\/wp-json\/wp\/v2\/pages\/3611\/revisions"}],"predecessor-version":[{"id":3630,"href":"https:\/\/www.in-parquet.com\/blog\/wp-json\/wp\/v2\/pages\/3611\/revisions\/3630"}],"wp:attachment":[{"href":"https:\/\/www.in-parquet.com\/blog\/wp-json\/wp\/v2\/media?parent=3611"}],"curies":[{"name":"wp","href":"https:\/\/api.w.org\/{rel}","templated":true}]}}